 49. Let x be f(-17). Suppose 2*o = 5*o + x*i - 7373, 2*o + 4*i - 4910 = 0. Is o prime?
True
Suppose -6*m + 3*m + 8784 = 0. Suppose -5*u + 7 = -m. Is u a prime number?
True
Let q = -97382 + 190459. Is q prime?
True
Is (3 + ((-6)/(-4))/(9/(-15)))*1838 prime?
True
Is (128/4)/(-4) - 648816/(-16) prime?
True
Let u = 366 - -3806. Suppose 3*x = 5*i + 12526, -11*x = -10*x - 5*i - u. Is x a composite number?
False
Suppose -65004 = -9*x + 4*x - 2*r, 51992 = 4*x - 4*r. Is ((-9)/((-18)/x) - -2) + 1 a prime number?
False
Let y = -629 - -628. Is -2 - -4380 - ((-16)/(-4) - y) a prime number?
True
Let s be (-3)/(-6) - (-5)/10. Let b be 78 - (1 - (s - 4)). Is (-3 + 1)/((-4)/b) composite?
False
Suppose 379582 = -10*z + 2436212 + 1016740. Is z composite?
False
Let w = -25 + 30. Suppose 2*r + 6 = w*r, -5*k + 13518 = -r. Suppose -k = -4*t - 620. Is t composite?
False
Suppose 0 = 96*f - 88*f - 168. Suppose 27*p = f*p + 35886. Is p prime?
True
Suppose 4*f - 3*d = -23180 + 1296, -5*f + d = 27366. Is -2 + (f/(-8) - 3/(-4)) composite?
False
Suppose 0 = 5*f + 4*d - 5, -4*f + 0*d = -5*d + 37. Let i(c) = 104*c**2 - 6*c + 1. Let q be i(f). Suppose -11*h = -16*h + q. Is h prime?
True
Let k(p) = 117*p + 42*p - 5 - 132*p - 439*p - 555*p. Is k(-4) a prime number?
True
Let h(k) = -32282*k**2 + 4*k - 17. Let x be h(-8). Is x/(-44) - (-2)/8 a prime number?
True
Let n(g) = -78*g**3 - 9*g**2 - 2*g + 46. Let v be n(5). Let z = v + 19981. Is z a prime number?
False
Let n(a) = 64*a**2 + 16*a + 3. Suppose -5*f + y - 3*y = -45, 0 = 5*y. Is n(f) a composite number?
True
Let y = 49069 + 24294. Is y prime?
True
Let d(h) = 2531*h + 1916. Is d(55) a prime number?
True
Let n = 15665 - 32081. Let i = 24830 + n. Is i/12 - (-2)/(-12) a prime number?
True
Let h(i) = 54*i - 21. Let m(w) = w**2 - 17*w + 4. Let v be m(17). Suppose -3*z + 19 = -4*o + 5*o, -v*o + 62 = 5*z. Is h(o) a prime number?
False
Let b(p) = 10*p**2 - 2*p - 7. Let v(s) = -s**3 - s**2 - 2*s - 2. Let m be v(-1). Suppose -2*q + 4*z - 14 = -m*q, 3*q + 11 = -4*z. Is b(q) a composite number?
True
Let f(i) = -i**3 - 17*i**2 + 20. Let o be f(-17). Suppose -5*w + w - o = 0. Is w/((-60)/392) - 1/(-3) composite?
True
Let q(g) = 317*g + 711. Is q(28) a prime number?
True
Let l(c) = 181*c**2 - 42*c - 647. Is l(46) a composite number?
False
Let x = -19940 + 74023. Is x a prime number?
True
Suppose -3*k + 4 = 3*t - 2, -12 = -3*t. Is 5 + -4 + (-3896)/k composite?
False
Let i = 313 - 309. Is ((-68017)/34)/((-2)/i) a composite number?
False
Is (28484 - -15)*1/(2/2) composite?
False
Suppose -5*y + 3 = -h, 2*y + 0 = -h - 3. Suppose -6*m + 3297 = -3*m + 2*k, -k = 0. Suppose -v - 6*v + m = y. Is v composite?
False
Let t(j) = -9044*j**2 - j + 3. Let n be t(1). Let m = -5585 - n. Is m a prime number?
True
Suppose 24*m - 29*m - 16572 = -4*r, -40 = -5*m. Is r prime?
True
Let r(v) = 2*v - 111. Let g be r(0). Let d = g + 114. Suppose d*p + 1262 = 5951. Is p a prime number?
False
Is (3 + (14581 - 1))/(18/(18/1)) a prime number?
False
Let q = 51 + -121. Let r be (28/q)/(-1*(-2)/(-10)). Suppose u + p - 255 = -0*u, -r*u + 502 = 4*p. Is u prime?
False
Let x(b) = 49055*b**2 + 94*b + 93. Is x(-1) a composite number?
True
Let k(u) = -7231*u**3 + 16*u**2 + 42*u + 39. Is k(-4) prime?
True
Let i(z) = 4*z**3 + 15*z**2 - 13*z + 4. Let k be i(12). Suppose k = 5*y - 2*a - 2263, 5*y - 11180 = 5*a. Is y composite?
False
Let t(b) = -5*b. Let s be t(-1). Suppose 83 + 402 = s*g. Is g a composite number?
False
Is -15 + (-45)/(495/(-5780654)) a prime number?
False
Suppose -294*c + 768784 = -278*c. Is c a composite number?
False
Let k = 27 + -22. Suppose -17*u - 39159 = -21*u - k*i, i - 9790 = -u. Is u prime?
True
Let d = 393 - 746. Suppose 5*v + 217 = 917. Let k = v - d. Is k composite?
True
Let h(l) = -890*l + 243. Let k be h(-10). Let o = 51964 - k. Is o a prime number?
True
Let f(t) be the third derivative of 2*t**5/3 - t**4/8 + 14*t**3/3 - 3*t**2. Let i(x) be the first derivative of f(x). Is i(7) prime?
True
Suppose 2*v - 28 - 6 = 3*y, -y + 54 = 4*v. Let o be 4/(2 - 0) + (v - 14). Is 811 + (o + -5)*(-8)/(-6) a prime number?
False
Suppose 4*w = 4*u, u = 2*w - 3*w. Suppose 5*o + 2*a - 109 = -626, -2*o + a - 205 = u. Let k = 192 + o. Is k prime?
True
Suppose 6*o - o - 5 = 0, 0 = -3*n + 2*o + 13. Suppose 2*t - 6 = 2*p, 4*t = 2*t + p + n. Let u(v) = 85*v**3 + 2*v**2 + 2*v - 1. Is u(t) a composite number?
False
Let k(s) = 2*s**2 + 22*s. Let x be k(-11). Suppose x = -7*n + 3462 - 4. Suppose -4*a + 3*c + n = -117, -5*c = -3*a + 472. Is a a prime number?
True
Suppose -n - 4*q + 59161 = 0, -432*q = -427*q - 25. Is n prime?
True
Let t(z) = -z**2 + 6*z + 1. Let o be t(6). Let k(m) = 3432*m**3 + 1. Is k(o) a prime number?
True
Let w(s) = -s**3 + 9*s**2 - 6*s - 16. Let c be w(8). Suppose u + y - 4633 = c, -3075 = -3*u - 4*y + 10824. Is u composite?
True
Let w(m) = -15*m**3 + 27*m**2 - 29*m - 453. Is w(-20) a prime number?
True
Suppose -2*l - 2*v + 78093 = -56331, -4*v = -3*l + 201629. Is l prime?
True
Is -12197*(0 + -15 - 64) composite?
True
Let c(t) = t**3 - 6*t**2 - 7*t + 13. Let i be c(7). Suppose 4*x = -y + 1 - i, -2*y - 3*x + 1 = 0. Let k(f) = 12*f + 33. Is k(y) a prime number?
False
Let y(t) = 31*t**3 - 21*t**2 + 42*t - 21. Is y(16) a composite number?
False
Suppose 343151 = 2*b - 2*y + 78621, -9*y = -4*b + 529040. Is b prime?
False
Suppose -3*j = q + 244, 976 = -3*q - q - 3*j. Let y = 81 + q. Let l = y - -398. Is l a prime number?
False
Let q(c) = 148*c**3 + 7*c**2 + 5*c + 1. Let s be (-7)/(35/15)*(-15)/9. Is q(s) a composite number?
False
Suppose 0 = 4*k - p - 94752, -3*k + 71065 = -358*p + 357*p. Is k a prime number?
True
Let i = 53 + 69. Let b = i + 5. Is b a prime number?
True
Let x = 193672 + -113877. Is x a prime number?
False
Let f(q) = -107*q + 27. Let i(u) = 53*u - 13. Let d(k) = 6*f(k) + 13*i(k). Let p be 0 + 1 + (1 - 0). Is d(p) prime?
False
Let w(l) = -5*l + 23. Let t be w(8). Let k = t + 19. Suppose 2*v + k*p - 1450 = -2*p, 5*v - 3646 = -3*p. Is v composite?
True
Let y = 118819 + -58062. Is y a prime number?
True
Suppose 0 = 66*w - 77*w + 66. Suppose w*q = 301 + 221. Is q prime?
False
Suppose k + 0*k - 21 = -4*i, -2*k + 30 = 4*i. Suppose 10 = k*b + 1. Is b*(-5)/((-15)/2361) a composite number?
False
Let q(b) be the first derivative of -b**4/2 + 28*b**3/3 - 10*b**2 - 6*b - 11. Let i be q(22). Let z = 12133 + i. Is z a prime number?
True
Let q = 122789 + -69172. Is q a prime number?
True
Let t be 10/25*(-20)/(-2). Suppose 0 = 3*y - 0*k - k, 5*y - t*k = 7. Is (-140)/(-4)*y/(-1) a prime number?
False
Suppose -5*b - 12 = b. Let d(v) = 1600*v**2 - 2*v. Let r be d(b). Is (2/6)/(r/6402 + -1) prime?
False
Is 6 + 1 + (-5802066)/(272/(-16)) a prime number?
False
Let q = -180 + 182. Is (1 - -1)/(10/1685) + q a prime number?
False
Let d(i) = -3*i - 1. Let s be d(-1). Suppose 2*r = -3*f + 2666, -s*r - 2*f + 2668 = -0*r. Is 2/14 + r/7 a prime number?
True
Let v(p) = -12*p + 254. Let b be v(20). Is ((-109158)/8 + b/(-56))*-1 a prime number?
False
Is ((-1)/(-14))/((-2)/12) + 22691130358/26299 prime?
False
Let g = 481 + -8724. Let d = g + 14710. Is d a composite number?
True
Let t(r) = 43*r**2 + 34*r + 70. Let l(a) = 64*a**2 + 51*a + 106. Let h(p) = -5*l(p) + 8*t(p). Is h(-13) a prime number?
False
Suppose 0 = -t - q + 783642, 8*t - 9*t + 3*q = -783646. Is t prime?
False
Let o(c) = 8*c + 30. Let s = -53 - -46. Let r be o(s). Is 39/1*(r/(-6) + -4) prime?
True
Let u(m) = 300*m + 61. Let q(n) = 5*n + 20. Let l be q(-2). Is u(l) prime?
True
Let b(l) be the first derivative of 10*l**3/3 - 25*l**2/2 - 15*l - 18. Let f be b(9). Suppose -f = -4*v + 170. Is v composite?
True
Is -7*(7 + (-411990)/124*(-144)/(-10)) composite?
True
Let c(o) = -3*o**2 + 16*o + 3. Let s be c(12). Let l = s + 1496. Is l composite?
False
Suppose 2126 = 2*w - 632. Let c = -2516 - -5271. Suppose -2*o + s = -w, 4*o - 2*s + 3*s = c. Is o a prime number?
False
Let k be (-2)/3 - (-2)/3. Suppose -478*x + 6 = -477*x. Suppose 5*a - p - 47 = k, -p - 25 = -a - x*p. Is a composite?
True
Let f(r) = 0*r**2 - 3*r**2 - 3017*r + 11 + 222*r**3 + 3014*r. Is f(3) a prime number?
False
Suppose -75 = -28*x + 13*x. Suppose -h = x*l - 490, 204 = 2*l - 0*h + 2*h. Is l a prime number?
True
Suppose -22*a + 5*a = -40120. Suppose 2*p + 1323 